 factors of r(z)?
2, 3, 11
Suppose 8*a - 4 = 6*a. What are the prime factors of (-418)/(-10) - a/(-10)?
2, 3, 7
Let n(t) = 13*t**3 - t**2 - t + 1. Let f be n(1). Suppose 1917 = f*z - 3*z. List the prime factors of z.
3, 71
Suppose -2 = -w + 4*x, 5*w + 0*x - 102 = -3*x. Let y(s) = w*s - 11 + 0 + 7. List the prime factors of y(3).
2, 5
Suppose 33*s - 1701 = -a + 37*s, 0 = 4*s - 16. List the prime factors of a.
17, 101
Suppose -11390 = -43*q + 5294. What are the prime factors of q?
2, 97
Suppose -178 = -3*c + 3*h - 8*h, 5*c + 5*h = 300. List the prime factors of c.
61
Let h = 2919 + -419. What are the prime factors of h?
2, 5
Let k = -1 + -2. Let z be -15*2/(-5 - k). Suppose 0 = 3*p + z, 4*a - 3*a - 56 = 4*p. List the prime factors of a.
2, 3
Let z(h) = -7*h - 4. Let f be z(-5). Suppose -l - 5*w = -f + 4, l - 17 = -3*w. Suppose d = 4*k + 40, l*d = k - 11 + 112. List the prime factors of d.
2, 13
Let y(l) = 14 + 15 - 65 - 10*l + 22. Let o = 0 + -6. List the prime factors of y(o).
2, 23
Let d(l) = 6*l**2 - 3*l + 3. Let r(m) = 4*m + 4. Let j be r(2). Let b = -10 + j. List the prime factors of d(b).
3, 7
List the prime factors of -615*7/(-63) - (-3)/(-9).
2, 17
Let k = 62 + -58. List the prime factors of 3/(2/84 + k/28).
2, 3
Suppose 0 = 10*w + 9*w - 38. Suppose 2*q - 59 = -b, -b - 32 = -q + 2. Suppose -w*m = -q + 1. List the prime factors of m.
3, 5
Let b = -424 - -751. What are the prime factors of b?
3, 109
Let c = -2360 + 4708. List the prime factors of c.
2, 587
Suppose 2*m = j - 2*j + 78, -152 = -4*m - j. Suppose 5*z - 5 + 50 = -5*w, -3*w = 5*z + m. Let h = w - -7. What are the prime factors of h?
3
Let o = 2842 + -2415. List the prime factors of o.
7, 61
Suppose 3*x - 4*o = 857, 4*x - 4*o - 468 = 668. What are the prime factors of x?
3, 31
Let m be -1 - 60 - 1*2. Let n = m - -101. What are the prime factors of n?
2, 19
Suppose 0 = 5*h - 3*h + 4*l + 42, -5*l - 15 = 0. Let o(x) = -x - 12. Let v be o(h). Suppose c - v = 28. List the prime factors of c.
31
Suppose -x + 4*x + 9 = 0. What are the prime factors of (-35)/(-1) + 2/(x + 2)?
3, 11
Suppose -11*d - 452 = -12*d. Suppose -42*y = -38*y - d. List the prime factors of y.
113
Let r be 2/(-2 - (-36)/15). Let k(q) = 4*q**2 - 8*q + 6. Let i be k(r). Suppose p + 3*p - 91 = -3*b, 2*b + 4*p = i. List the prime factors of b.
5
Let i be 144/60*(-70)/(-3). Suppose 49 = 2*o - m, -2*m + 1 = -m. Let k = i - o. List the prime factors of k.
31
Let t be 25*-1*(0 - 1). Let b be 1*((-12)/(-3) + -2). Suppose -b*y + t = 3*y. List the prime factors of y.
5
Let x be ((180/(-25))/3)/(2/(-10)). What are the prime factors of (-112)/(-6)*18/x?
2, 7
Let m = 3 + 5. Let x(c) = -2*c + 0*c - m + c - 2*c. List the prime factors of x(-14).
2, 17
Let q = 23 + -20. Suppose -q*s + 21 = 6. Let d(z) = z**2 + 4*z - 5. What are the prime factors of d(s)?
2, 5
Suppose g - 1720 - 620 = 0. Suppose 17*j - 2*j = g. List the prime factors of j.
2, 3, 13
Let i(t) = 43*t + 2. Let h(x) = 21*x + 1. Let j(d) = 5*h(d) - 3*i(d). Suppose -31*p + 11*p = 40. What are the prime factors of j(p)?
47
Suppose 36*r - 434 = 35*r. List the prime factors of r.
2, 7, 31
Suppose -15*k = -21*k + 528. List the prime factors of k.
2, 11
Let l(v) = 7*v**3 - 8*v**2 + 2*v + 24. What are the prime factors of l(4)?
2, 11
Let x = -3 - -2. Suppose -102 = -4*c - 3*w, -w + 7 = 9. Let y = x + c. List the prime factors of y.
2, 13
Suppose -2*j = 24 + 8. Let f(a) = a**3 + a**2 - a - 32. Let t be f(0). Let c = j - t. What are the prime factors of c?
2
Suppose -2*l - 13 = -j, 0 = 4*l - 0*l - 4*j + 32. Let w = 0 + l. Let u(q) = -2*q - 5. What are the prime factors of u(w)?
5
Suppose -11 = 4*d - 3. List the prime factors of (-1)/2*50*d.
2, 5
Suppose -5*m - 183 = -8*m. Let z = 36 - -93. Suppose u + u + 5*w - m = 0, 3*w - z = -4*u. What are the prime factors of u?
3, 11
Suppose 0 = -5*v - 3*n, -18 = 4*n + 2. What are the prime factors of (-1)/2*-159*2/v?
53
Suppose -13*d - 62 = -14*d. Let v = 174 - d. Suppose 14*s + v = 16*s. List the prime factors of s.
2, 7
Suppose s = 5*n + 1 + 15, 4*s - 4*n = 32. Suppose y - 6*y + 2*o = -38, -y = -2*o - s. Suppose -5*h = -h - y. List the prime factors of h.
2
Let t = -15 - 190. Let g = -94 - t. What are the prime factors of g?
3, 37
Let t(z) = 11*z - 4. Let b be t(3). Let d = b - 21. List the prime factors of (-7 + 13)*(d - 1).
2, 3, 7
Let v = -19 + 35. Suppose 3*p = i - 12, -3*i + v = -2*p - 41. What are the prime factors of i?
3, 7
Let w(t) = 6*t + 7. Let q(f) = -23*f - 27. Let j(a) = -6*q(a) - 22*w(a). Let i be j(-6). Let v = -3 - i. What are the prime factors of v?
5
Let z be (3 - 2)*-2*1892/(-8). Suppose -5*l = -482 - z. List the prime factors of l.
191
Let l be ((-16)/(-20))/((-2)/(-10)). Let g = 81 + -80. Let d = l + g. List the prime factors of d.
5
Let b(y) = 3*y**3 - 4*y**2 + 21*y - 15. Let v be b(6). Suppose 3*l - 5*i = -0*l + 474, v = 4*l - i. List the prime factors of l.
3, 17
Suppose 2*x + 8 = 0, 5*q + 2*x = 3*x + 74. Suppose -2*a - 6 = -2*u + q, 2*u - 20 = -2*a. Suppose -p = p - u. List the prime factors of p.
5
Suppose 0 = -5*o + 25272 - 8027. List the prime factors of o.
3449
Suppose 18*h - 414 = 16*h. List the prime factors of h.
3, 23
Let o(w) = w**2 - 6*w + 5. Let c(k) = 2*k + 10. Let p be c(-3). Let q be o(p). What are the prime factors of (-1)/(420/141 + q)?
47
Let r = 54 + -55. What are the prime factors of (-856)/(-8) - (1 - r)?
3, 5, 7
List the prime factors of 5 + -1 - (-218 - (-5 - -3)).
2, 5, 11
Let a be (9/6)/((-12)/(-32)). Suppose 2*f + f - 4*c = -1, -a*c = 3*f - 31. Suppose -f*b - 20 = 0, 4*b + 34 + 36 = 2*j. What are the prime factors of j?
3
Let h(n) = -n**2 - 9*n - 11. Let m be h(-5). Suppose m*q + 10 = -17. What are the prime factors of -2*q/((-18)/(-15))?
5
Let o be (-4)/(-2) - 0 - -2. Suppose o*z + 0*z = 0. Suppose -2*f + 76 - 24 = z. List the prime factors of f.
2, 13
Suppose -4 + 24 = 5*u. Suppose u*x - 5*c = -41, -c = -x + c - 14. Let d(j) = -j + 8. What are the prime factors of d(x)?
2, 3
Let l = -463 - -1352. List the prime factors of l.
7, 127
Suppose 0 = 4*z - 4*i - 24, 3*z = 8*z + i - 12. Let r(l) = 6*l - 7*l**z + 3 + 6*l**3 + 9*l**2 - 2*l. List the prime factors of r(9).
3, 13
Let g(y) be the second derivative of 37*y**4/12 - 4*y**3/3 + 5*y**2 + 49*y. What are the prime factors of g(2)?
2, 71
What are the prime factors of ((-20)/(-7))/(-5) - 448728/(-147)?
2, 7, 109
Suppose a - 5*c + 23 = 0, 8*a + 3*c = 3*a + 25. Suppose -z + a = 0, -2*z = -2*v - 3*v + 1026. List the prime factors of v.
2, 103
Suppose 15 - 5 = 3*p - j, -5 = -2*p + j. Let s be ((-6)/p)/((-3)/10). List the prime factors of s/12 - (-17)/3.
2, 3
Let k(w) = -4*w - 59. Let n be k(-18). Suppose 468 - 2379 = -n*d. List the prime factors of d.
3, 7
Suppose 5*o - 5179 = 1461. What are the prime factors of o?
2, 83
Let y(k) = -7*k**2 + 10 + 0 + 9*k + 2*k**3 - 3*k**3. Let w be y(-8). Suppose -5*x + 2*p + 60 = 4*p, -x = w*p - 20. List the prime factors of x.
2, 5
Let w = 16641 - 11490. List the prime factors of w.
3, 17, 101
Let a(i) = -8*i - 1. Let q be a(-6). Let l(k) = -6*k - 3. Let j be l(-5). Let o = q - j. What are the prime factors of o?
2, 5
Let x = 4 - 2. Let w be x*(-1)/((-4)/(-30)). Let v = 14 - w. List the prime factors of v.
29
Let x(a) = a**2 + 10*a + 115. What are the prime factors of x(23)?
2, 19, 23
Suppose -m - 2*d = -326, 3*m - 2*m = 5*d + 298. List the prime factors of m.
2, 3, 53
What are the prime factors of (1*-3)/((-19)/627)?
3, 11
Let o(w) = -287*w + 142. List the prime factors of o(-16).
2, 3, 263
Suppose -29*g + 21423 = 3356. What are the prime factors of g?
7, 89
Let c = -60 + 318. List the prime factors of c.
2, 3, 43
Let t(r) = -1 - 2 - r + 2*r - 1. Let v be t(6). Let h(s) = 14*s - 3. List the prime factors of h(v).
5
Let c(t) = t**3 + t**2 + 2*t - 63. Let x be c(0). List the prime factors of (-1933)/(-7) + (-3)/x*-3.
2, 3, 23
Suppose -2160 = -5*d + 5*g, 1987 - 257 = 4*d - 3*g. What are the prime factors of (-14)/((-7)/(d/4))?
7, 31
Suppose 0 = 234*g - 239*g + 17220. What are the prime factors of g?
2, 3, 7, 41
Suppose -2*w = -z + 4*z - 529, -5*z = 2*w - 887. Suppose 8*n = -19 + z. What are the prime factors of n?
2, 5
Suppose 4*f - 6*x = -2*x + 44, 13 = -2*f - 5*x. Suppose f*n = n + 15. List the prime factors